?
True
Is 2162992020 a multiple of 1377?
False
Is 8 a factor of 53196381?
False
Is 179062640 a multiple of 472?
True
Is 47009806 a multiple of 2169?
False
Does 1328 divide 1003907626?
False
Does 731 divide 1037236368?
True
Does 730 divide 10850683?
False
Is 2411978471 a multiple of 4849?
False
Is 1763 a factor of 2214245139?
True
Does 6 divide 135192?
True
Is 308 a factor of 25676420?
True
Is 1109463688 a multiple of 4464?
False
Is 2414075202 a multiple of 580?
False
Is 227963823 a multiple of 379?
False
Does 155 divide 77514725?
True
Is 515 a factor of 102951590?
True
Does 17 divide 24994988?
False
Does 116 divide 2295292?
True
Does 23 divide 101233511?
True
Is 21 a factor of 1227786?
True
Is 159059243 a multiple of 347?
False
Is 150942164 a multiple of 81?
False
Is 47 a factor of 1726302302?
False
Is 109031142 a multiple of 22?
True
Is 1171836 even?
True
Does 1168 divide 44538176?
True
Does 822 divide 585234408?
True
Is 8742231 a multiple of 69?
True
Is 201503584 a multiple of 58?
False
Is 252135177 a multiple of 23?
True
Is 2786 a factor of 42489286?
True
Does 809 divide 80515725?
True
Does 19 divide 757491960?
False
Is 675101490 a multiple of 3649?
True
Is 4178 a factor of 4140364576?
True
Does 307 divide 3252119?
False
Is 984059 a multiple of 817?
False
Is 991 a factor of 2001195670?
True
Is 1722523688 a multiple of 41?
False
Is 4963 a factor of 163222547?
False
Does 788 divide 180637968?
True
Is 136196400 a multiple of 48?
True
Does 621 divide 620532020?
False
Is 43977246 a multiple of 17?
False
Is 2554 a factor of 26196378?
True
Is 85 a factor of 2186392610?
True
Does 55 divide 52310665?
True
Is 4 a factor of 39113036?
True
Is 480 a factor of 2358686775?
False
Is 7 a factor of 193817403?
False
Does 106 divide 945973895?
False
Does 103 divide 34688737?
False
Is 4273 a factor of 291831230?
False
Does 185 divide 3484562286?
False
Does 467 divide 118980859?
True
Does 5 divide 13945550?
True
Does 1021 divide 751745108?
False
Is 105 a factor of 10612770?
True
Does 102 divide 4344690?
True
Is 4904 a factor of 1786090885?
False
Does 34 divide 260658985?
False
Does 2681 divide 746674586?
True
Does 44 divide 1566049764?
False
Is 602 a factor of 100678115?
False
Is 42 a factor of 8685096?
True
Does 16 divide 39109015?
False
Is 333 a factor of 504644184?
True
Does 9689 divide 268055642?
False
Does 183 divide 440549991?
True
Is 19722968 a multiple of 314?
True
Does 30 divide 141606870?
True
Is 145386181 a multiple of 6439?
True
Is 11 a factor of 10596805?
False
Is 306 a factor of 31721805?
False
Does 1501 divide 57859047?
True
Does 205 divide 120571160?
True
Does 12 divide 913873728?
True
Does 37 divide 5471634?
True
Is 1644996090 a multiple of 527?
False
Is 1537 a factor of 26597785?
True
Does 58 divide 31285258?
True
Is 62 a factor of 21184098?
True
Is 334047863 a multiple of 1225?
False
Is 847403816 a multiple of 7?
True
Is 218420 a multiple of 55?
False
Does 2259 divide 66462822?
False
Is 82 a factor of 87296564?
False
Is 322483275 a multiple of 15?
True
Is 13 a factor of 5373751?
False
Does 3689 divide 188872039?
False
Does 185 divide 256099320?
False
Is 7823148719 a multiple of 416?
False
Does 785 divide 42003780?
True
Does 12 divide 9598704?
True
Is 86572888 a multiple of 7694?
True
Does 13 divide 424789521?
True
Does 42 divide 7114086?
True
Is 3 a factor of 8800087?
False
Does 217 divide 15051337?
True
Is 17 a factor of 3196244069?
True
Is 196 a factor of 7413112?
True
Is 3687393089 a multiple of 102?
False
Is 2166331031 a multiple of 3051?
False
Does 431 divide 12925553?
False
Does 6 divide 6513756?
True
Does 6 divide 14826408?
True
Is 2470 a factor of 324393844?
False
Does 8047 divide 4255760561?
True
Does 6 divide 17831427?
False
Is 315551403 a multiple of 767?
False
Is 18 a factor of 872180892?
True
Is 3253419293 a multiple of 4305?
False
Does 176 divide 117553216?
True
Is 95896860 a multiple of 20?
True
Does 79 divide 222933834?
False
Is 117 a factor of 2455713?
True
Is 101928576 a multiple of 10?
False
Is 193944341 a multiple of 101?
True
Is 2050 a factor of 314973997?
False
Is 739 a factor of 11004449?
True
Does 279 divide 115332525?
False
Is 136 a factor of 296162304?
True
Is 22304047 a multiple of 624?
False
Is 131728580 a multiple of 68?
True
Is 199613579 a multiple of 121?
True
Is 769870304 a multiple of 28?
True
Is 119911768 a multiple of 156?
False
Does 2352 divide 506736463?
False
Is 4 a factor of 94799260?
True
Is 134881900 a multiple of 50?
True
Is 915 a factor of 1378981860?
True
Is 16 a factor of 39237508?
False
Is 1599584 a multiple of 11?
False
Is 10114207 even?
False
Is 26 a factor of 5557110?
True
Is 3 a factor of 150447500?
False
Does 327 divide 44538437?
False
Does 88 divide 1181685560?
True
Does 4 divide 24952878?
False
Is 1123856910 a multiple of 980?
False
Is 828662354 a multiple of 11477?
True
Is 336909659 a multiple of 1259?
True
Is 623435 a multiple of 5?
True
Does 204 divide 34710192?
True
Does 2854 divide 130042043?
False
Is 142706865 a multiple of 160?
False
Is 196 a factor of 5784548?
True
Is 224842380 a multiple of 20?
True
Is 850631114 a multiple of 718?
True
Is 2596 a factor of 61616273?
False
Does 1027 divide 204316751?
False
Does 2365 divide 1613178325?
True
Is 3012536916 a multiple of 36?
True
Is 219 a factor of 234588409?
False
Does 25 divide 152372725?
True
Does 68 divide 120014000?
False
Is 2610 a factor of 968691913?
False
Is 142 a factor of 39707176?
True
Is 7 a factor of 795928?
True
Is 23382280 a multiple of 20?
True
Is 245425139 a multiple of 578?
False
Is 1671 a factor of 1301187648?
True
Is 157 a factor of 49121456?
False
Is 7 a factor of 9399579?
True
Does 3626 divide 267228948?
True
Does 406 divide 255998652?
False
Is 210 a factor of 2733643?
False
Does 76 divide 24329181?
False
Does 171 divide 1518651?
True
Does 202 divide 467820890?
True
Is 240849060 a multiple of 6?
True
Does 586 divide 52667336?
True
Is 49097166 a multiple of 3869?
False
Is 18 a factor of 21062735?
False
Does 31 divide 694198?
False
Is 7373850 a multiple of 218?
True
Is 3078 a factor of 534297708?
True
Is 455358204 a multiple of 36?
True
Does 121 divide 1484313563?
False
Is 7386245 a multiple of 60?
False
Is 46874913 a multiple of 644?
False
Does 576 divide 414964800?
True
Is 198914696 a multiple of 302?
False
Does 21 divide 5506851?
True
Does 371 divide 1367316790?
True
Is 5687 a factor of 157103375?
True
Is 1194785704 a multiple of 34?
True
Is 181919936 a multiple of 352?
True
Does 54 divide 6037632?
True
Is 884188907 a multiple of 156?
False
Is 8192044 a multiple of 14?
True
Does 7761 divide 114831756?
True
Does 1981 divide 171602144?
True
Is 65 a factor of 9954681?
False
Does 1705 divide 272851150?
True
Is 1603223579 a multiple of 851?
True
Is 69850304 a multiple of 13?
False
Is 1095 a factor of 75245002?
False
Does 11 divide 60563339?
False
Does 14 divide 399479192?
True
Is 511 a factor of 26202693?
False
Is 770 a factor of 861727790?
True
Is 14 a factor of 1287860336?
True
Does 3 divide 274265835?
True
Is 1349271657 a multiple of 51?
True
Is 65 a factor of 23152155?
True
Is 137554694 a multiple of 2661?
False
Is 64143380 a multiple of 170?
True
Does 665 divide 1075313645?
True
Is 3364 a factor of 11159187?
False
Does 830 divide 6547526?
False
Is 3407793945 a multiple of 1131?
False
Is 11 a factor of 460311?
False
Is 233 a factor of 62948603?
False
Is 641 a factor of 2523379?
False
Does 1693 divide 1446193213?
False
Does 6706 divide 3122628782?
True
Is 130332111 a multiple of 91?
True
Is 1726 a factor of 906905309?
False
Is 54812824 a multiple of 92?
False
Does 246 divide 112542188?
False
Is 2065 a factor of 682050915?
True
Does 425 divide 275369420?
False
Is 51 a factor of 29105045?
False
Is 330 a factor of 277959195?
False
Is 873 a factor of 81336537?
True
Is 2 a factor of 20428519?
False
Is 216 a factor of 23750928?
True
Does 10 divide 182944973?
False
Is 48012250 a multiple of 4345?
True
Does 21 divide 10922457?
True
Does 12 divide 267892008?
True
Does 610 divide 1490278190?
True
Is 22522463 a multiple of 12?
False
Is 129116596 a multiple of 53?
False
Is 41 a factor of 8458751?
True
Is 36676470 a multiple of 232?
False
Does 14 divide 2640362228?
True
Is 3656 a factor of 165726480?
True
Does 1071 divide 973